se -g*w - 3280 = -201*w. What are the prime factors of w?
2, 41
Suppose -5*m + 13*m = 0. Let r be (3 - (-20)/(-5))*m. Suppose -3*n - 4*d = -r*d - 235, 307 = 4*n - d. List the prime factors of n.
7, 11
Suppose 2*a - 4*f = 1724, 9*f = -3*a + 8*f + 2586. Suppose 4*l + 4331 = 22*o - 17*o, 5*l = o - a. List the prime factors of o.
3, 17
Suppose -15 = -13*a + 12*a. Suppose y = 2*l - a, -l = 2*y + 2*l + 2. List the prime factors of (492/(-21) + -1 + 3)*y.
2, 3, 5
Let a(w) = 75*w**2 + 332*w + 58. What are the prime factors of a(24)?
2, 7, 3659
Let h(k) = k**3 + 43*k**2 + 135*k - 366. List the prime factors of h(-26).
2, 7, 17
Let y(q) = q**2 - 14*q + 811. What are the prime factors of y(-81)?
2, 4253
Let k be (-6)/8 - 1141/(-28). Let p be (-2)/8 - (-10)/k. Suppose p = -4*y - y + 355. What are the prime factors of y?
71
Let j(k) = -7*k**2 + 1 - 287*k + 4*k**3 + 295*k - 4 - 5. List the prime factors of j(5).
3, 7, 17
Let j = 8 - 6. Suppose j*a = x + x - 2, 0 = -3*a - 3*x + 27. Suppose a*m = 2*b - 90, -3*b + 0*m - 3*m = -171. List the prime factors of b.
53
Let d be (-90)/(-8)*(-4)/(-1). Suppose 12 = -t + d. Suppose 4*j - 5*j = -t. What are the prime factors of j?
3, 11
Suppose -3*d - i + 13 = 0, 3*i - 4*i + 23 = 5*d. Suppose -j + 3375 + 1473 = 4*l, 5*j = -d*l + 6045. What are the prime factors of l?
1213
Let x(u) = 9*u**2 - 52*u - 74. Let t be x(7). Let c(w) = 104*w. Let m be c(2). List the prime factors of 1*(-7 + t) + m.
2, 3, 17
Let i(y) = y**3 - 13*y**2 - 76*y + 1. What are the prime factors of i(18)?
11, 23
Suppose 0 = 5*o - 2 + 27, 4*p - 327417 = o. What are the prime factors of p?
81853
Let i be (-4 + -1)/((-65)/78). Let g be (-1)/(0 + 2/i). Let p = g - -43. What are the prime factors of p?
2, 5
Let v = -104 - -133. Suppose 732 = -v*f + 33*f. List the prime factors of f.
3, 61
Suppose -7*t + 15 = -2*t. Suppose t*o + 78 - 117 = 0. Suppose -390 = -4*l + 5*k, 266 = 3*l + 3*k - o. List the prime factors of l.
5, 19
Let k = 27 + -24. Let l be 3/(24/142) - k/(-12). Let i = 152 - l. List the prime factors of i.
2, 67
Let f(o) be the third derivative of 7*o**4/12 - 19*o**3/3 - 27*o**2. What are the prime factors of f(11)?
2, 29
Let p(l) = -387*l**3 - l**2 - 2*l. Let s = 2 - 3. Let m be p(s). Let z = -223 + m. List the prime factors of z.
3, 5, 11
Let y = -106919 - -161301. List the prime factors of y.
2, 27191
Let s(p) be the second derivative of -p**5/10 + p**4/6 + p**3/3 - 3*p**2 + 6*p. Let h be s(-3). Suppose 5*q - h = 10. What are the prime factors of q?
2, 7
Let h be ((-101)/4 + -2)*(-1352)/26. Let p = -938 + h. List the prime factors of p.
479
Suppose 46*r = 322630 + 206008 + 318498. List the prime factors of r.
2, 1151
Let k be 1368064/56 - ((-24)/21)/4. Suppose 12*f - k = -23*f. What are the prime factors of f?
2, 349
Suppose -23*y - 54 = -25*y. Suppose 1925 = 32*j - y*j. List the prime factors of j.
5, 7, 11
Let l(d) = 1223*d**3 - 7*d - 13. What are the prime factors of l(2)?
11, 887
Suppose 0 = 7183*g - 7175*g - 161416. List the prime factors of g.
20177
Let k(i) = i**3 + 30*i**2 - 69*i - 16. Let n be k(-32). Suppose 2*s = 4*d + n, 3*s + 6*d = 11*d + 219. What are the prime factors of s?
2, 3, 13
Let g = 49223 - 34242. List the prime factors of g.
71, 211
Suppose -48*c + 87*c + 78 = 0. What are the prime factors of (-6 - (c + 7 + -894)) + -6?
877
Let f(a) = -13076*a**3 - 7*a**2 - 8*a - 2. What are the prime factors of f(-1)?
5, 523
Let g(d) = 12*d - 24. Let a be g(21). Let z(i) = i - 7. Let j be z(-7). Let c = a - j. What are the prime factors of c?
2, 11
Let t = -73 + 67. What are the prime factors of (4 - 4110/(-8)) + t/8?
11, 47
Let o(x) = -x**3 + 103*x**2 + 48*x - 532. List the prime factors of o(96).
2, 13, 1319
Suppose -4*m + 7*m - 450 = 0. Suppose -2*d - 3*t - 33 = 0, -3*t = 5*d - 63 + m. What are the prime factors of d/(3 - 6) + 3 + 1?
2, 5
Let w = 115 - 104. Suppose 8*l = w*l - 795. List the prime factors of l.
5, 53
List the prime factors of 21882 + (132/(-3) - -24).
2, 17, 643
Let w(f) = -f**3 - f**2 + f - 19. Let u be w(-3). What are the prime factors of 2278/12 + (-50)/(-12) + u?
2, 5, 19
Let q = 22 + -19. Let n(v) = -9 - 7*v + q*v - 6*v - 12. What are the prime factors of n(-8)?
59
Let s = 986 + -473. Let a = 745 - s. List the prime factors of a.
2, 29
Suppose -13*v - 75*v + 435776 = 0. List the prime factors of v.
2, 619
List the prime factors of 1775/2130 - 53594/24*-14.
2, 977
Let v = 2901 - -175. List the prime factors of v.
2, 769
Let r = -86958 - -148341. List the prime factors of r.
3, 7, 37, 79
Let m = 43 + -41. Suppose m*j = 4*k + 186, 0 = 5*k + 3*j - 2*j + 243. What are the prime factors of 12/k - 629/(-4)?
157
Suppose 52*n - 14*n - 211166 = 0. What are the prime factors of n?
5557
Let f(v) = -v**2 - 10*v + 1003. Let c = -857 - -857. What are the prime factors of f(c)?
17, 59
Let b(r) = r**2 - 6*r - 28. Let i be b(10). Suppose 3*s + 3*s = i. Suppose 109 = s*a - a. What are the prime factors of a?
109
Let y be (-4)/(-9) + 1410/(-135). What are the prime factors of (-28)/(-7) - 1 - y?
13
Suppose -40*b + 499952 = 143312. What are the prime factors of b?
2, 3, 743
Suppose -5*v + 4*z - 2661 = 0, 0*v = -5*v - 5*z - 2670. Let q = -209 - v. Suppose f - 2 = -6, 4*u + 4*f - q = 0. What are the prime factors of u?
5, 17
Suppose -154*p - 65233 + 280240 = -2220041. What are the prime factors of p?
2, 59, 67
Let o(k) = -k + 245. Let t be o(52). Let r = 71 + t. List the prime factors of r.
2, 3, 11
Suppose -5*p - 5 = -l, 3*l - 5*p + 0*p - 5 = 0. Suppose l = 4*i - 2*i - 5*k - 1198, -k = 2*i - 1186. Suppose 3*o + 174 - i = 0. List the prime factors of o.
2, 5, 7
Let o = 66 + 31. Let f = 249 + o. What are the prime factors of f?
2, 173
Let o = 33 - 93. Let a = o - 6. Let b = -3 - a. List the prime factors of b.
3, 7
Let u(l) = 2*l**3 - 5*l**2 + 2*l - 2. Let o be u(2). What are the prime factors of ((-30)/o - 1)/(154/4697)?
7, 61
Suppose -2*w - 50*d + 139895 = -45*d, 18 = -2*d. What are the prime factors of w?
2, 5, 6997
Suppose -34*g + 74419 + 104457 = 39102. What are the prime factors of g?
4111
Suppose 0 = 2*c - l - 6840, -17085 = -5*c + 100*l - 95*l. List the prime factors of c.
3, 7, 163
Let a = -4605 - -42767. List the prime factors of a.
2, 19081
Let c(u) = -u**2 - 12*u + 9. Suppose 2*d = -y - 31, -2*d = -2*y - 10 + 38. Let i be c(d). What are the prime factors of (-5075)/(-45) + (-8)/i?
113
Let z(k) = 3*k**2 - 5*k + 13. Let b be z(-12). Suppose 3*q - 188 - b = 0. What are the prime factors of q?
3, 7, 11
Let a = -225 + 194. Let b = 50 - 99. Let q = a - b. What are the prime factors of q?
2, 3
Suppose 945*g = 947*g + 3*m - 121116, -m = -5*g + 302739. What are the prime factors of g?
3, 20183
Suppose 5*k - 3038 = -r, 7*k = -4*r + 10*k + 11991. What are the prime factors of r?
3, 7, 11, 13
Let f(b) = -54*b + 3972. What are the prime factors of f(-26)?
2, 3, 7
What are the prime factors of 8 + (21441 + -5 - -8)?
2, 31, 173
Let t = -8710 - -55245. List the prime factors of t.
5, 41, 227
Suppose 0 = -4*m + 5*h + 30127, -2*h + 32 = 22. What are the prime factors of m?
2, 3769
Let m(p) = 2*p**3 - 260*p**2 + 508*p - 18. What are the prime factors of m(129)?
2, 3, 17, 79
Suppose -56*g + 58995 = -37*g + 26*g. What are the prime factors of g?
3, 19, 23
Suppose -3*k + 1074 = j, -5*k + 4*k - 5290 = -5*j. Suppose 311 = 5*u - j. List the prime factors of u.
2, 137
Let o = 62 + -37. Suppose 8*h - 5*f = 3*h + 25, -3*h = 5*f + o. Suppose -j - 487 = -2*p, p + 0*j - 2*j - 248 = h. List the prime factors of p.
2, 11
List the prime factors of (-1)/(2/(-2)) - (-8935 - -136).
2, 5, 11
Suppose -73*s + 20 = -69*s. Suppose 3*t = -s*b + 927, -t - 145 - 600 = -4*b. What are the prime factors of b?
2, 3, 31
Let r(b) = 4*b**2 - 126*b + 74. Let q be r(31). Suppose q*c - 1492 = 8252. List the prime factors of c.
2, 7, 29
Suppose -f - 4 - 13 = 0. Let c = 6 - f. Let s = 68 - c. List the prime factors of s.
3, 5
List the prime factors of 5*-1 + -3546*(-20 + 19).
3541
Let h = 67526 + -36999. List the prime factors of h.
7, 89
Let s(g) = 25*g**3 + 2*g**2 - 5*g + 4. Let p be s(2). Suppose 0 = o - p - 341. Suppose 5*t + 2*a - o = 0, -3*t - 2*t = -2*a - 547. List the prime factors of t.
109
Suppose -2*g - 35624 - 31228 = -4*j, 5*j - 4*g - 83571 = 0. List the prime fac